Last updated on 2023-06-08 05:58:11 CEST.
Flavor | Version | Tinstall | Tcheck | Ttotal | Status | Flags |
---|---|---|---|---|---|---|
r-devel-linux-x86_64-debian-clang | 1.3.1 | 242.75 | 41.71 | 284.46 | OK | |
r-devel-linux-x86_64-debian-gcc | 1.3.1 | 212.92 | 32.65 | 245.57 | OK | |
r-devel-linux-x86_64-fedora-clang | 1.3.1 | 427.56 | OK | |||
r-devel-linux-x86_64-fedora-gcc | 1.3.1 | 477.87 | OK | |||
r-devel-windows-x86_64 | 1.3.1 | 185.00 | 85.00 | 270.00 | OK | |
r-patched-linux-x86_64 | 1.3.1 | 228.56 | 40.94 | 269.50 | OK | |
r-release-linux-x86_64 | 1.3.1 | 214.27 | 41.03 | 255.30 | OK | |
r-release-macos-arm64 | 1.3.1 | 93.00 | NOTE | |||
r-release-macos-x86_64 | 1.3.0 | 188.00 | NOTE | |||
r-release-windows-x86_64 | 1.3.1 | 243.00 | 97.00 | 340.00 | OK | |
r-oldrel-macos-arm64 | 1.3.1 | 93.00 | NOTE | |||
r-oldrel-macos-x86_64 | 1.3.1 | 116.00 | NOTE | |||
r-oldrel-windows-x86_64 | 1.3.1 | 222.00 | 85.00 | 307.00 | OK |
Version: 1.3.1
Check: installed package size
Result: NOTE
installed size is 15.9Mb
sub-directories of 1Mb or more:
libs 15.5Mb
Flavors: r-release-macos-arm64, r-oldrel-macos-arm64, r-oldrel-macos-x86_64
Version: 1.3.0
Check: installed package size
Result: NOTE
installed size is 15.9Mb
sub-directories of 1Mb or more:
libs 15.5Mb
Flavor: r-release-macos-x86_64