Last updated on 2023-06-10 05:52:34 CEST.
Flavor | Version | Tinstall | Tcheck | Ttotal | Status | Flags |
---|---|---|---|---|---|---|
r-devel-linux-x86_64-debian-clang | 0.0.6 | 3.76 | 53.31 | 57.07 | NOTE | |
r-devel-linux-x86_64-debian-gcc | 0.0.6 | 2.69 | 41.10 | 43.79 | NOTE | |
r-devel-linux-x86_64-fedora-clang | 0.0.6 | 70.67 | NOTE | |||
r-devel-linux-x86_64-fedora-gcc | 0.0.6 | 67.54 | NOTE | |||
r-devel-windows-x86_64 | 0.0.6 | 3.00 | 61.00 | 64.00 | NOTE | |
r-patched-linux-x86_64 | 0.0.6 | 3.64 | 51.25 | 54.89 | NOTE | |
r-release-linux-x86_64 | 0.0.6 | 3.45 | 51.39 | 54.84 | NOTE | |
r-release-macos-arm64 | 0.0.6 | 28.00 | NOTE | |||
r-release-macos-x86_64 | 0.0.6 | 42.00 | NOTE | |||
r-release-windows-x86_64 | 0.0.6 | 6.00 | 68.00 | 74.00 | NOTE | |
r-oldrel-macos-arm64 | 0.0.6 | 30.00 | NOTE | |||
r-oldrel-macos-x86_64 | 0.0.6 | 36.00 | NOTE | |||
r-oldrel-windows-x86_64 | 0.0.6 | 5.00 | 67.00 | 72.00 | NOTE |
Version: 0.0.6
Check: LazyData
Result: NOTE
'LazyData' is specified without a 'data' directory
Flavors: r-devel-linux-x86_64-debian-clang, r-devel-linux-x86_64-debian-gcc, r-devel-linux-x86_64-fedora-clang, r-devel-linux-x86_64-fedora-gcc, r-devel-windows-x86_64, r-patched-linux-x86_64, r-release-linux-x86_64, r-release-macos-arm64, r-release-macos-x86_64, r-release-windows-x86_64, r-oldrel-macos-arm64, r-oldrel-macos-x86_64, r-oldrel-windows-x86_64
Version: 0.0.6
Check: dependencies in R code
Result: NOTE
Namespace in Imports field not imported from: ‘survival’
All declared Imports should be used.
Flavors: r-devel-linux-x86_64-fedora-clang, r-devel-linux-x86_64-fedora-gcc, r-oldrel-macos-x86_64