CRAN Package Check Results for Package hindex

Last updated on 2023-06-08 05:58:11 CEST.

Flavor Version Tinstall Tcheck Ttotal Status Flags
r-devel-linux-x86_64-debian-clang 0.2.0 2.61 38.48 41.09 NOTE
r-devel-linux-x86_64-debian-gcc 0.2.0 2.06 29.62 31.68 NOTE
r-devel-linux-x86_64-fedora-clang 0.2.0 52.59 NOTE
r-devel-linux-x86_64-fedora-gcc 0.2.0 49.17 NOTE
r-devel-windows-x86_64 0.2.0 5.00 55.00 60.00 NOTE
r-patched-linux-x86_64 0.2.0 3.28 36.90 40.18 NOTE
r-release-linux-x86_64 0.2.0 3.44 36.60 40.04 NOTE
r-release-macos-arm64 0.2.0 21.00 NOTE
r-release-macos-x86_64 0.2.0 30.00 NOTE
r-release-windows-x86_64 0.2.0 6.00 57.00 63.00 NOTE
r-oldrel-macos-arm64 0.2.0 20.00 NOTE
r-oldrel-macos-x86_64 0.2.0 34.00 NOTE
r-oldrel-windows-x86_64 0.2.0 6.00 58.00 64.00 NOTE

Check Details

Version: 0.2.0
Check: LazyData
Result: NOTE
     'LazyData' is specified without a 'data' directory
Flavors: r-devel-linux-x86_64-debian-clang, r-devel-linux-x86_64-debian-gcc, r-devel-linux-x86_64-fedora-clang, r-devel-linux-x86_64-fedora-gcc, r-devel-windows-x86_64, r-patched-linux-x86_64, r-release-linux-x86_64, r-release-macos-arm64, r-release-macos-x86_64, r-release-windows-x86_64, r-oldrel-macos-arm64, r-oldrel-macos-x86_64, r-oldrel-windows-x86_64