Last updated on 2023-06-01 05:55:54 CEST.
Flavor | Version | Tinstall | Tcheck | Ttotal | Status | Flags |
---|---|---|---|---|---|---|
r-devel-linux-x86_64-debian-clang | 0.1.1 | 13.59 | 175.36 | 188.95 | OK | |
r-devel-linux-x86_64-debian-gcc | 0.1.1 | 8.43 | 145.56 | 153.99 | OK | |
r-devel-linux-x86_64-fedora-clang | 0.1.1 | 240.39 | OK | |||
r-devel-linux-x86_64-fedora-gcc | 0.1.1 | 246.43 | OK | |||
r-devel-windows-x86_64 | 0.1.1 | 15.00 | 145.00 | 160.00 | OK | |
r-patched-linux-x86_64 | 0.1.1 | OK | ||||
r-release-linux-x86_64 | 0.1.1 | 9.45 | 170.73 | 180.18 | OK | |
r-release-macos-arm64 | 0.1.1 | 91.00 | OK | |||
r-release-macos-x86_64 | 0.1.1 | 137.00 | OK | |||
r-release-windows-x86_64 | 0.1.1 | 18.00 | 197.00 | 215.00 | OK | |
r-oldrel-macos-arm64 | 0.1.1 | 63.00 | OK | |||
r-oldrel-macos-x86_64 | 0.1.1 | 12.00 | ERROR | |||
r-oldrel-windows-x86_64 | 0.1.1 | 18.00 | 189.00 | 207.00 | OK |
Version: 0.1.1
Check: package dependencies
Result: ERROR
Package required and available but unsuitable version: ‘fitHeavyTail’
See section ‘The DESCRIPTION file’ in the ‘Writing R Extensions’
manual.
Flavor: r-oldrel-macos-x86_64