CRAN Package Check Results for Package heplots

Last updated on 2024-02-23 05:07:21 CET.

Flavor Version Tinstall Tcheck Ttotal Status Flags
r-devel-linux-x86_64-debian-clang 1.6.2 OK
r-devel-linux-x86_64-debian-gcc 1.6.2 9.08 116.55 125.63 OK
r-devel-linux-x86_64-fedora-clang 1.6.2 212.49 NOTE
r-devel-linux-x86_64-fedora-gcc 1.6.2 218.61 OK
r-devel-windows-x86_64 1.6.2 12.00 143.00 155.00 OK
r-patched-linux-x86_64 1.6.2 13.92 153.43 167.35 OK
r-release-linux-x86_64 1.6.2 9.88 150.81 160.69 OK
r-release-macos-arm64 1.6.2 65.00 OK
r-release-macos-x86_64 1.6.2 106.00 OK
r-release-windows-x86_64 1.6.2 15.00 168.00 183.00 OK
r-oldrel-macos-arm64 1.6.2 55.00 OK
r-oldrel-windows-x86_64 1.6.2 16.00 159.00 175.00 OK

Check Details

Version: 1.6.2
Check: Rd cross-references
Result: NOTE Undeclared packages ‘Sleuth2’, ‘rrcov’, ‘archdata’, ‘qqtest’ in Rd xrefs Flavor: r-devel-linux-x86_64-fedora-clang