Last updated on 2023-06-02 05:58:00 CEST.
Flavor | Version | Tinstall | Tcheck | Ttotal | Status | Flags |
---|---|---|---|---|---|---|
r-devel-linux-x86_64-debian-clang | 0.2.1 | 11.45 | 110.48 | 121.93 | OK | |
r-devel-linux-x86_64-debian-gcc | 0.2.1 | 8.65 | 84.04 | 92.69 | OK | |
r-devel-linux-x86_64-fedora-clang | 0.2.1 | 153.51 | NOTE | |||
r-devel-linux-x86_64-fedora-gcc | 0.2.1 | 155.72 | OK | |||
r-devel-windows-x86_64 | 0.2.1 | 12.00 | 100.00 | 112.00 | NOTE | |
r-patched-linux-x86_64 | 0.2.1 | OK | ||||
r-release-linux-x86_64 | 0.2.1 | 8.90 | 107.00 | 115.90 | OK | |
r-release-macos-arm64 | 0.2.1 | 52.00 | NOTE | |||
r-release-macos-x86_64 | 0.2.1 | 98.00 | NOTE | |||
r-release-windows-x86_64 | 0.2.1 | 17.00 | 128.00 | 145.00 | NOTE | |
r-oldrel-macos-arm64 | 0.2.1 | 50.00 | NOTE | |||
r-oldrel-macos-x86_64 | 0.2.1 | 69.00 | NOTE | |||
r-oldrel-windows-x86_64 | 0.2.1 | 17.00 | 126.00 | 143.00 | NOTE |
Version: 0.2.1
Check: installed package size
Result: NOTE
installed size is 5.5Mb
sub-directories of 1Mb or more:
data 1.5Mb
doc 3.8Mb
Flavors: r-devel-linux-x86_64-fedora-clang, r-devel-windows-x86_64, r-release-macos-arm64, r-release-macos-x86_64, r-release-windows-x86_64, r-oldrel-macos-arm64, r-oldrel-macos-x86_64, r-oldrel-windows-x86_64