CRAN Package Check Results for Package hdd

Last updated on 2023-05-29 05:55:04 CEST.

Flavor Version Tinstall Tcheck Ttotal Status Flags
r-devel-linux-x86_64-debian-clang 0.1.0 8.42 69.68 78.10 NOTE
r-devel-linux-x86_64-debian-gcc 0.1.0 5.70 51.48 57.18 NOTE
r-devel-linux-x86_64-fedora-clang 0.1.0 98.03 NOTE
r-devel-linux-x86_64-fedora-gcc 0.1.0 106.26 NOTE
r-devel-windows-x86_64 0.1.0 10.00 72.00 82.00 NOTE
r-patched-linux-x86_64 0.1.0 7.78 63.80 71.58 NOTE
r-release-linux-x86_64 0.1.0 7.51 64.63 72.14 NOTE
r-release-macos-arm64 0.1.0 36.00 NOTE
r-release-macos-x86_64 0.1.0 56.00 NOTE
r-release-windows-x86_64 0.1.0 10.00 83.00 93.00 NOTE
r-oldrel-macos-arm64 0.1.0 27.00 NOTE
r-oldrel-macos-x86_64 0.1.0 55.00 NOTE
r-oldrel-windows-x86_64 0.1.0 10.00 80.00 90.00 NOTE

Additional issues

donttest

Check Details

Version: 0.1.0
Check: LazyData
Result: NOTE
     'LazyData' is specified without a 'data' directory
Flavors: r-devel-linux-x86_64-debian-clang, r-devel-linux-x86_64-debian-gcc, r-devel-linux-x86_64-fedora-clang, r-devel-linux-x86_64-fedora-gcc, r-devel-windows-x86_64, r-patched-linux-x86_64, r-release-linux-x86_64, r-release-macos-arm64, r-release-macos-x86_64, r-release-windows-x86_64, r-oldrel-macos-arm64, r-oldrel-macos-x86_64, r-oldrel-windows-x86_64