Last updated on 2023-05-29 05:55:04 CEST.
Flavor | Version | Tinstall | Tcheck | Ttotal | Status | Flags |
---|---|---|---|---|---|---|
r-devel-linux-x86_64-debian-clang | 0.9.0 | 34.34 | 42.33 | 76.67 | NOTE | |
r-devel-linux-x86_64-debian-gcc | 0.9.0 | 25.94 | 34.46 | 60.40 | NOTE | |
r-devel-linux-x86_64-fedora-clang | 0.9.0 | 109.76 | NOTE | |||
r-devel-linux-x86_64-fedora-gcc | 0.9.0 | 118.52 | NOTE | |||
r-devel-windows-x86_64 | 0.9.0 | 27.00 | 76.00 | 103.00 | NOTE | |
r-patched-linux-x86_64 | 0.9.0 | 27.75 | 42.78 | 70.53 | NOTE | |
r-release-linux-x86_64 | 0.9.0 | 28.26 | 42.26 | 70.52 | NOTE | |
r-release-macos-arm64 | 0.9.0 | 46.00 | NOTE | |||
r-release-macos-x86_64 | 0.9.0 | 69.00 | NOTE | |||
r-release-windows-x86_64 | 0.9.0 | 35.00 | 87.00 | 122.00 | NOTE | |
r-oldrel-macos-arm64 | 0.9.0 | 41.00 | OK | |||
r-oldrel-macos-x86_64 | 0.9.0 | 49.00 | OK | |||
r-oldrel-windows-x86_64 | 0.9.0 | 37.00 | 85.00 | 122.00 | OK |
Version: 0.9.0
Check: C++ specification
Result: NOTE
Specified C++11: please drop specification unless essential
Flavors: r-devel-linux-x86_64-debian-clang, r-devel-linux-x86_64-debian-gcc, r-devel-linux-x86_64-fedora-clang, r-devel-linux-x86_64-fedora-gcc, r-devel-windows-x86_64, r-patched-linux-x86_64, r-release-linux-x86_64, r-release-macos-arm64, r-release-macos-x86_64, r-release-windows-x86_64