Last updated on 2023-06-08 05:58:10 CEST.
Flavor | Version | Tinstall | Tcheck | Ttotal | Status | Flags |
---|---|---|---|---|---|---|
r-devel-linux-x86_64-debian-clang | 0.0-4 | 36.87 | 27.03 | 63.90 | OK | |
r-devel-linux-x86_64-debian-gcc | 0.0-4 | 29.03 | 21.11 | 50.14 | OK | |
r-devel-linux-x86_64-fedora-clang | 0.0-4 | 93.21 | NOTE | |||
r-devel-linux-x86_64-fedora-gcc | 0.0-4 | 92.50 | NOTE | |||
r-devel-windows-x86_64 | 0.0-4 | 30.00 | 61.00 | 91.00 | OK | |
r-patched-linux-x86_64 | 0.0-4 | 30.57 | 26.03 | 56.60 | OK | |
r-release-linux-x86_64 | 0.0-4 | 30.96 | 25.68 | 56.64 | OK | |
r-release-macos-arm64 | 0.0-4 | 29.00 | OK | |||
r-release-macos-x86_64 | 0.0-4 | 44.00 | OK | |||
r-release-windows-x86_64 | 0.0-4 | 39.00 | 66.00 | 105.00 | OK | |
r-oldrel-macos-arm64 | 0.0-4 | 26.00 | OK | |||
r-oldrel-macos-x86_64 | 0.0-4 | 36.00 | OK | |||
r-oldrel-windows-x86_64 | 0.0-4 | 39.00 | 67.00 | 106.00 | OK |
Version: 0.0-4
Check: compiled code
Result: NOTE
File ‘hawkes/libs/hawkes.so’:
Found no calls to: ‘R_registerRoutines’, ‘R_useDynamicSymbols’
It is good practice to register native routines and to disable symbol
search.
See ‘Writing portable packages’ in the ‘Writing R Extensions’ manual.
Flavors: r-devel-linux-x86_64-fedora-clang, r-devel-linux-x86_64-fedora-gcc