Last updated on 2023-05-28 05:52:09 CEST.
Flavor | Version | Tinstall | Tcheck | Ttotal | Status | Flags |
---|---|---|---|---|---|---|
r-devel-linux-x86_64-debian-clang | 0.8.0 | 11.60 | 121.31 | 132.91 | OK | |
r-devel-linux-x86_64-debian-gcc | 0.8.0 | 9.60 | 89.47 | 99.07 | OK | |
r-devel-linux-x86_64-fedora-clang | 0.8.0 | 165.57 | NOTE | |||
r-devel-linux-x86_64-fedora-gcc | 0.8.0 | 165.26 | OK | |||
r-devel-windows-x86_64 | 0.8.0 | 12.00 | 109.00 | 121.00 | OK | |
r-patched-linux-x86_64 | 0.8.0 | 13.64 | 111.48 | 125.12 | OK | |
r-release-linux-x86_64 | 0.8.0 | 9.08 | 112.07 | 121.15 | OK | |
r-release-macos-arm64 | 0.8.0 | 52.00 | OK | |||
r-release-macos-x86_64 | 0.8.0 | 90.00 | OK | |||
r-release-windows-x86_64 | 0.8.0 | 14.00 | 131.00 | 145.00 | OK | |
r-oldrel-macos-arm64 | 0.8.0 | 44.00 | OK | |||
r-oldrel-macos-x86_64 | 0.8.0 | 90.00 | OK | |||
r-oldrel-windows-x86_64 | 0.8.0 | 15.00 | 127.00 | 142.00 | OK |
Version: 0.8.0
Check: Rd cross-references
Result: NOTE
Undeclared package ‘mnis’ in Rd xrefs
Flavor: r-devel-linux-x86_64-fedora-clang