CRAN Package Check Results for Package hackeRnews

Last updated on 2023-06-07 05:58:21 CEST.

Flavor Version Tinstall Tcheck Ttotal Status Flags
r-devel-linux-x86_64-debian-clang 0.1.0 2.41 88.91 91.32 NOTE
r-devel-linux-x86_64-debian-gcc 0.1.0 2.25 29.64 31.89 NOTE
r-devel-linux-x86_64-fedora-clang 0.1.0 49.35 NOTE
r-devel-linux-x86_64-fedora-gcc 0.1.0 57.43 NOTE
r-devel-windows-x86_64 0.1.0 5.00 60.00 65.00 NOTE
r-patched-linux-x86_64 0.1.0 2.89 32.95 35.84 NOTE
r-release-linux-x86_64 0.1.0 2.81 35.67 38.48 NOTE
r-release-macos-arm64 0.1.0 41.00 NOTE
r-release-macos-x86_64 0.1.0 58.00 NOTE
r-release-windows-x86_64 0.1.0 5.00 411.00 416.00 NOTE
r-oldrel-macos-arm64 0.1.0 38.00 NOTE
r-oldrel-macos-x86_64 0.1.0 161.00 NOTE
r-oldrel-windows-x86_64 0.1.0 5.00 94.00 99.00 NOTE

Check Details

Version: 0.1.0
Check: LazyData
Result: NOTE
     'LazyData' is specified without a 'data' directory
Flavors: r-devel-linux-x86_64-debian-clang, r-devel-linux-x86_64-debian-gcc, r-devel-linux-x86_64-fedora-clang, r-devel-linux-x86_64-fedora-gcc, r-devel-windows-x86_64, r-patched-linux-x86_64, r-release-linux-x86_64, r-release-macos-arm64, r-release-macos-x86_64, r-release-windows-x86_64, r-oldrel-macos-arm64, r-oldrel-macos-x86_64, r-oldrel-windows-x86_64