CRAN Package Check Results for Package gsisdecoder

Last updated on 2023-06-09 05:55:00 CEST.

Flavor Version Tinstall Tcheck Ttotal Status Flags
r-devel-linux-x86_64-debian-clang 0.0.1 20.12 28.48 48.60 NOTE
r-devel-linux-x86_64-debian-gcc 0.0.1 14.22 22.92 37.14 NOTE
r-devel-linux-x86_64-fedora-clang 0.0.1 67.16 NOTE
r-devel-linux-x86_64-fedora-gcc 0.0.1 62.52 NOTE
r-devel-windows-x86_64 0.0.1 17.00 62.00 79.00 NOTE
r-patched-linux-x86_64 0.0.1 13.50 28.34 41.84 NOTE
r-release-linux-x86_64 0.0.1 14.30 28.22 42.52 NOTE
r-release-macos-arm64 0.0.1 24.00 NOTE
r-release-macos-x86_64 0.0.1 34.00 NOTE
r-release-windows-x86_64 0.0.1 17.00 68.00 85.00 NOTE
r-oldrel-macos-arm64 0.0.1 23.00 NOTE
r-oldrel-macos-x86_64 0.0.1 28.00 NOTE
r-oldrel-windows-x86_64 0.0.1 19.00 66.00 85.00 NOTE

Check Details

Version: 0.0.1
Check: LazyData
Result: NOTE
     'LazyData' is specified without a 'data' directory
Flavors: r-devel-linux-x86_64-debian-clang, r-devel-linux-x86_64-debian-gcc, r-devel-linux-x86_64-fedora-clang, r-devel-linux-x86_64-fedora-gcc, r-devel-windows-x86_64, r-patched-linux-x86_64, r-release-linux-x86_64, r-release-macos-arm64, r-release-macos-x86_64, r-release-windows-x86_64, r-oldrel-macos-arm64, r-oldrel-macos-x86_64, r-oldrel-windows-x86_64

Version: 0.0.1
Check: Rd cross-references
Result: NOTE
    Undeclared package ‘nflfastR’ in Rd xrefs
Flavor: r-devel-linux-x86_64-fedora-clang