Last updated on 2023-05-28 05:52:09 CEST.
Flavor | Version | Tinstall | Tcheck | Ttotal | Status | Flags |
---|---|---|---|---|---|---|
r-devel-linux-x86_64-debian-clang | 1.1.0 | 4.00 | 440.00 | 444.00 | OK | |
r-devel-linux-x86_64-debian-gcc | 1.1.0 | 4.16 | 369.86 | 374.02 | OK | |
r-devel-linux-x86_64-fedora-clang | 1.1.0 | 548.44 | NOTE | |||
r-devel-linux-x86_64-fedora-gcc | 1.1.0 | 551.08 | NOTE | |||
r-devel-windows-x86_64 | 1.1.0 | 6.00 | 458.00 | 464.00 | OK | |
r-patched-linux-x86_64 | 1.1.0 | 5.91 | 436.42 | 442.33 | OK | |
r-release-linux-x86_64 | 1.1.0 | 3.66 | 438.56 | 442.22 | OK | |
r-release-macos-arm64 | 1.1.0 | 269.00 | OK | |||
r-release-macos-x86_64 | 1.1.0 | 451.00 | OK | |||
r-release-windows-x86_64 | 1.1.0 | 7.00 | 451.00 | 458.00 | OK | |
r-oldrel-macos-arm64 | 1.1.0 | 162.00 | OK | |||
r-oldrel-macos-x86_64 | 1.1.0 | 177.00 | NOTE | |||
r-oldrel-windows-x86_64 | 1.1.0 | 7.00 | 291.00 | 298.00 | OK |
Version: 1.1.0
Check: dependencies in R code
Result: NOTE
Namespace in Imports field not imported from: ‘msm’
All declared Imports should be used.
Flavors: r-devel-linux-x86_64-fedora-clang, r-devel-linux-x86_64-fedora-gcc, r-oldrel-macos-x86_64