Last updated on 2023-06-07 05:58:21 CEST.
Flavor | Version | Tinstall | Tcheck | Ttotal | Status | Flags |
---|---|---|---|---|---|---|
r-devel-linux-x86_64-debian-clang | 0.6 | 6.17 | 115.38 | 121.55 | OK | |
r-devel-linux-x86_64-debian-gcc | 0.6 | 5.56 | 82.40 | 87.96 | OK | |
r-devel-linux-x86_64-fedora-clang | 0.6 | 145.54 | NOTE | |||
r-devel-linux-x86_64-fedora-gcc | 0.6 | 156.53 | NOTE | |||
r-devel-windows-x86_64 | 0.6 | 8.00 | 109.00 | 117.00 | OK | |
r-patched-linux-x86_64 | 0.6 | 7.53 | 109.46 | 116.99 | OK | |
r-release-linux-x86_64 | 0.6 | 7.23 | 108.38 | 115.61 | OK | |
r-release-macos-arm64 | 0.6 | 52.00 | OK | |||
r-release-macos-x86_64 | 0.6 | 84.00 | OK | |||
r-release-windows-x86_64 | 0.6 | 8.00 | 127.00 | 135.00 | OK | |
r-oldrel-macos-arm64 | 0.6 | 43.00 | NOTE | |||
r-oldrel-macos-x86_64 | 0.6 | 83.00 | NOTE | |||
r-oldrel-windows-x86_64 | 0.6 | 9.00 | 130.00 | 139.00 | OK |
Version: 0.6
Check: dependencies in R code
Result: NOTE
Namespace in Imports field not imported from: ‘BiasedUrn’
All declared Imports should be used.
Flavors: r-devel-linux-x86_64-fedora-clang, r-devel-linux-x86_64-fedora-gcc, r-oldrel-macos-arm64, r-oldrel-macos-x86_64