Last updated on 2023-05-29 05:55:04 CEST.
Flavor | Version | Tinstall | Tcheck | Ttotal | Status | Flags |
---|---|---|---|---|---|---|
r-devel-linux-x86_64-debian-clang | 0.0.1 | 56.06 | 82.90 | 138.96 | NOTE | |
r-devel-linux-x86_64-debian-gcc | 0.0.1 | 41.62 | 64.31 | 105.93 | NOTE | |
r-devel-linux-x86_64-fedora-clang | 0.0.1 | 175.59 | NOTE | |||
r-devel-linux-x86_64-fedora-gcc | 0.0.1 | 187.78 | NOTE | |||
r-devel-windows-x86_64 | 0.0.1 | 42.00 | 99.00 | 141.00 | NOTE | |
r-patched-linux-x86_64 | 0.0.1 | 44.17 | 78.71 | 122.88 | NOTE | |
r-release-linux-x86_64 | 0.0.1 | 44.88 | 80.23 | 125.11 | NOTE | |
r-release-macos-arm64 | 0.0.1 | 60.00 | NOTE | |||
r-release-macos-x86_64 | 0.0.1 | 92.00 | NOTE | |||
r-release-windows-x86_64 | 0.0.1 | 54.00 | 122.00 | 176.00 | NOTE | |
r-oldrel-macos-arm64 | 0.0.1 | 49.00 | OK | |||
r-oldrel-macos-x86_64 | 0.0.1 | 66.00 | OK | |||
r-oldrel-windows-x86_64 | 0.0.1 | 50.00 | 114.00 | 164.00 | OK |
Version: 0.0.1
Check: package subdirectories
Result: NOTE
Problems with news in ‘NEWS.md’:
No news entries found.
Flavors: r-devel-linux-x86_64-debian-clang, r-devel-linux-x86_64-debian-gcc, r-devel-linux-x86_64-fedora-clang, r-devel-linux-x86_64-fedora-gcc, r-devel-windows-x86_64, r-patched-linux-x86_64, r-release-linux-x86_64, r-release-macos-arm64, r-release-macos-x86_64, r-release-windows-x86_64