Last updated on 2023-06-08 05:58:10 CEST.
Flavor | Version | Tinstall | Tcheck | Ttotal | Status | Flags |
---|---|---|---|---|---|---|
r-devel-linux-x86_64-debian-clang | 0.2.0 | 5.60 | 42.96 | 48.56 | NOTE | |
r-devel-linux-x86_64-debian-gcc | 0.2.0 | 4.82 | 32.84 | 37.66 | NOTE | |
r-devel-linux-x86_64-fedora-clang | 0.2.0 | 60.88 | NOTE | |||
r-devel-linux-x86_64-fedora-gcc | 0.2.0 | 56.77 | NOTE | |||
r-devel-windows-x86_64 | 0.2.0 | 8.00 | 55.00 | 63.00 | NOTE | |
r-patched-linux-x86_64 | 0.2.0 | 5.52 | 40.44 | 45.96 | NOTE | |
r-release-linux-x86_64 | 0.2.0 | 4.93 | 40.67 | 45.60 | NOTE | |
r-release-macos-arm64 | 0.2.0 | 23.00 | NOTE | |||
r-release-macos-x86_64 | 0.2.0 | 32.00 | NOTE | |||
r-release-windows-x86_64 | 0.2.0 | 7.00 | 58.00 | 65.00 | NOTE | |
r-oldrel-macos-arm64 | 0.2.0 | 21.00 | NOTE | |||
r-oldrel-macos-x86_64 | 0.2.0 | 47.00 | NOTE | |||
r-oldrel-windows-x86_64 | 0.2.0 | 8.00 | 59.00 | 67.00 | NOTE |
Version: 0.2.0
Check: LazyData
Result: NOTE
'LazyData' is specified without a 'data' directory
Flavors: r-devel-linux-x86_64-debian-clang, r-devel-linux-x86_64-debian-gcc, r-devel-linux-x86_64-fedora-clang, r-devel-linux-x86_64-fedora-gcc, r-devel-windows-x86_64, r-patched-linux-x86_64, r-release-linux-x86_64, r-release-macos-arm64, r-release-macos-x86_64, r-release-windows-x86_64, r-oldrel-macos-arm64, r-oldrel-macos-x86_64, r-oldrel-windows-x86_64