Last updated on 2023-06-05 05:54:36 CEST.
Flavor | Version | Tinstall | Tcheck | Ttotal | Status | Flags |
---|---|---|---|---|---|---|
r-devel-linux-x86_64-debian-clang | 0.1 | 65.98 | 99.11 | 165.09 | OK | |
r-devel-linux-x86_64-debian-gcc | 0.1 | 54.74 | 74.30 | 129.04 | OK | |
r-devel-linux-x86_64-fedora-clang | 0.1 | 215.44 | NOTE | |||
r-devel-linux-x86_64-fedora-gcc | 0.1 | 220.25 | NOTE | |||
r-devel-windows-x86_64 | 0.1 | 52.00 | 106.00 | 158.00 | OK | |
r-patched-linux-x86_64 | 0.1 | 52.93 | 92.22 | 145.15 | OK | |
r-release-linux-x86_64 | 0.1 | 57.60 | 92.99 | 150.59 | OK | |
r-release-macos-arm64 | 0.1 | 60.00 | NOTE | |||
r-release-macos-x86_64 | 0.1 | 96.00 | NOTE | |||
r-release-windows-x86_64 | 0.1 | 66.00 | 130.00 | 196.00 | OK | |
r-oldrel-macos-arm64 | 0.1 | 58.00 | NOTE | |||
r-oldrel-macos-x86_64 | 0.1 | 122.00 | NOTE | |||
r-oldrel-windows-x86_64 | 0.1 | 61.00 | 126.00 | 187.00 | OK |
Version: 0.1
Check: dependencies in R code
Result: NOTE
Namespace in Imports field not imported from: ‘Rcpp’
All declared Imports should be used.
Flavors: r-devel-linux-x86_64-fedora-clang, r-devel-linux-x86_64-fedora-gcc, r-oldrel-macos-arm64, r-oldrel-macos-x86_64
Version: 0.1
Check: installed package size
Result: NOTE
installed size is 5.8Mb
sub-directories of 1Mb or more:
libs 5.5Mb
Flavors: r-release-macos-arm64, r-release-macos-x86_64, r-oldrel-macos-arm64, r-oldrel-macos-x86_64