CRAN Package Check Results for Package gms

Last updated on 2023-06-06 05:55:11 CEST.

Flavor Version Tinstall Tcheck Ttotal Status Flags
r-devel-linux-x86_64-debian-clang 0.4.0 8.37 67.92 76.29 NOTE
r-devel-linux-x86_64-debian-gcc 0.4.0 6.77 50.28 57.05 NOTE
r-devel-linux-x86_64-fedora-clang 0.4.0 95.48 NOTE
r-devel-linux-x86_64-fedora-gcc 0.4.0 86.82 NOTE
r-devel-windows-x86_64 0.4.0 8.00 72.00 80.00 NOTE
r-patched-linux-x86_64 0.4.0 9.16 63.41 72.57 NOTE
r-release-linux-x86_64 0.4.0 7.10 64.52 71.62 NOTE
r-release-macos-arm64 0.4.0 30.00 NOTE
r-release-macos-x86_64 0.4.0 48.00 NOTE
r-release-windows-x86_64 0.4.0 10.00 82.00 92.00 NOTE
r-oldrel-macos-arm64 0.4.0 30.00 OK
r-oldrel-macos-x86_64 0.4.0 48.00 OK
r-oldrel-windows-x86_64 0.4.0 10.00 82.00 92.00 OK

Check Details

Version: 0.4.0
Check: Rd files
Result: NOTE
    checkRd: (-1) replace_in_file.Rd:40: Escaped LaTeX specials: \#
Flavors: r-devel-linux-x86_64-debian-clang, r-devel-linux-x86_64-debian-gcc, r-devel-linux-x86_64-fedora-clang, r-devel-linux-x86_64-fedora-gcc, r-devel-windows-x86_64, r-patched-linux-x86_64, r-release-linux-x86_64, r-release-macos-arm64, r-release-macos-x86_64, r-release-windows-x86_64