Last updated on 2023-06-03 05:52:31 CEST.
Flavor | Version | Tinstall | Tcheck | Ttotal | Status | Flags |
---|---|---|---|---|---|---|
r-devel-linux-x86_64-debian-clang | 0.4.0 | 7.92 | 80.05 | 87.97 | OK | |
r-devel-linux-x86_64-debian-gcc | 0.4.0 | 6.41 | 59.29 | 65.70 | OK | |
r-devel-linux-x86_64-fedora-clang | 0.4.0 | 107.41 | OK | |||
r-devel-linux-x86_64-fedora-gcc | 0.4.0 | 115.72 | OK | |||
r-devel-windows-x86_64 | 0.4.0 | 8.00 | 85.00 | 93.00 | OK | |
r-patched-linux-x86_64 | 0.4.0 | OK | ||||
r-release-linux-x86_64 | 0.4.0 | 6.84 | 75.56 | 82.40 | OK | |
r-release-macos-arm64 | 0.4.0 | 40.00 | OK | |||
r-release-macos-x86_64 | 0.4.0 | 61.00 | OK | |||
r-release-windows-x86_64 | 0.4.0 | 10.00 | 98.00 | 108.00 | OK | |
r-oldrel-macos-arm64 | 0.4.0 | 44.00 | NOTE | |||
r-oldrel-macos-x86_64 | 0.4.0 | 70.00 | OK | |||
r-oldrel-windows-x86_64 | 0.4.0 | 10.00 | 96.00 | 106.00 | OK |
Version: 0.4.0
Check: package dependencies
Result: NOTE
Package suggested but not available for checking: ‘preprocessCore’
Flavor: r-oldrel-macos-arm64