Last updated on 2023-05-28 05:52:08 CEST.
Flavor | Version | Tinstall | Tcheck | Ttotal | Status | Flags |
---|---|---|---|---|---|---|
r-devel-linux-x86_64-debian-clang | 0.7.0 | 8.74 | 93.49 | 102.23 | OK | |
r-devel-linux-x86_64-debian-gcc | 0.7.0 | 7.24 | 69.17 | 76.41 | OK | |
r-devel-linux-x86_64-fedora-clang | 0.7.0 | 126.69 | NOTE | |||
r-devel-linux-x86_64-fedora-gcc | 0.7.0 | 128.85 | NOTE | |||
r-devel-windows-x86_64 | 0.7.0 | 9.00 | 90.00 | 99.00 | OK | |
r-patched-linux-x86_64 | 0.7.0 | 6.51 | 85.81 | 92.32 | OK | |
r-release-linux-x86_64 | 0.7.0 | 8.33 | 87.54 | 95.87 | OK | |
r-release-macos-arm64 | 0.7.0 | 47.00 | OK | |||
r-release-macos-x86_64 | 0.7.0 | 77.00 | OK | |||
r-release-windows-x86_64 | 0.7.0 | 11.00 | 104.00 | 115.00 | OK | |
r-oldrel-macos-arm64 | 0.7.0 | 37.00 | OK | |||
r-oldrel-macos-x86_64 | 0.7.0 | 53.00 | OK | |||
r-oldrel-windows-x86_64 | 0.7.0 | 12.00 | 111.00 | 123.00 | OK |
Version: 0.7.0
Check: data for non-ASCII characters
Result: NOTE
Note: found 2 marked UTF-8 strings
Flavors: r-devel-linux-x86_64-fedora-clang, r-devel-linux-x86_64-fedora-gcc