Last updated on 2023-12-11 04:51:06 CET.
Flavor | Version | Tinstall | Tcheck | Ttotal | Status | Flags |
---|---|---|---|---|---|---|
r-devel-linux-x86_64-debian-clang | 1.1.8 | 287.62 | 331.44 | 619.06 | NOTE | |
r-devel-linux-x86_64-debian-gcc | 1.1.8 | 219.43 | 257.92 | 477.35 | NOTE | |
r-devel-linux-x86_64-fedora-clang | 1.1.8 | 786.80 | NOTE | |||
r-devel-linux-x86_64-fedora-gcc | 1.1.8 | 890.48 | OK | |||
r-devel-windows-x86_64 | 1.1.8 | 239.00 | 296.00 | 535.00 | NOTE | --no-vignettes |
r-patched-linux-x86_64 | 1.1.8 | 189.51 | 330.03 | 519.54 | OK | |
r-release-linux-x86_64 | 1.1.8 | 211.83 | 323.71 | 535.54 | OK | |
r-release-macos-arm64 | 1.1.8 | 280.00 | NOTE | |||
r-release-macos-x86_64 | 1.1.8 | 392.00 | NOTE | |||
r-release-windows-x86_64 | 1.1.8 | 300.00 | 304.00 | 604.00 | NOTE | --no-vignettes |
r-oldrel-macos-arm64 | 1.1.8 | 197.00 | NOTE | |||
r-oldrel-macos-x86_64 | 1.1.8 | 267.00 | NOTE | |||
r-oldrel-windows-x86_64 | 1.1.8 | 279.00 | 333.00 | 612.00 | NOTE | --no-vignettes |
Version: 1.1.8
Check: Rd files
Result: NOTE
checkRd: (-1) omp_check.Rd:10: Lost braces; missing escapes or markup?
10 | \code{TRUE} or {FALSE} depending on availability of OpenMP
| ^
Flavors: r-devel-linux-x86_64-debian-clang, r-devel-linux-x86_64-debian-gcc
Version: 1.1.8
Check: installed package size
Result: NOTE
installed size is 11.8Mb
sub-directories of 1Mb or more:
doc 1.4Mb
libs 6.4Mb
test_data 2.2Mb
vignette_data 1.2Mb
Flavors: r-devel-linux-x86_64-fedora-clang, r-release-macos-arm64, r-release-macos-x86_64, r-oldrel-macos-arm64, r-oldrel-macos-x86_64
Version: 1.1.8
Flags: --no-vignettes
Check: installed package size
Result: NOTE
installed size is 9.8Mb
sub-directories of 1Mb or more:
doc 1.4Mb
libs 4.4Mb
test_data 2.2Mb
vignette_data 1.2Mb
Flavors: r-devel-windows-x86_64, r-release-windows-x86_64, r-oldrel-windows-x86_64