Last updated on 2023-06-08 05:58:10 CEST.
Flavor | Version | Tinstall | Tcheck | Ttotal | Status | Flags |
---|---|---|---|---|---|---|
r-devel-linux-x86_64-debian-clang | 1.0-3.1 | 11.06 | 89.03 | 100.09 | OK | |
r-devel-linux-x86_64-debian-gcc | 1.0-3.1 | 9.03 | 69.44 | 78.47 | OK | |
r-devel-linux-x86_64-fedora-clang | 1.0-3.1 | 128.54 | OK | |||
r-devel-linux-x86_64-fedora-gcc | 1.0-3.1 | 135.58 | OK | |||
r-devel-windows-x86_64 | 1.0-3.1 | 16.00 | 92.00 | 108.00 | OK | |
r-patched-linux-x86_64 | 1.0-3.1 | 12.40 | 85.76 | 98.16 | OK | |
r-release-linux-x86_64 | 1.0-3.1 | 11.88 | 85.22 | 97.10 | OK | |
r-release-macos-arm64 | 1.0-3.1 | 50.00 | OK | |||
r-release-macos-x86_64 | 1.0-3.1 | 72.00 | NOTE | |||
r-release-windows-x86_64 | 1.0-3.1 | 19.00 | 104.00 | 123.00 | OK | |
r-oldrel-macos-arm64 | 1.0-3.1 | 39.00 | OK | |||
r-oldrel-macos-x86_64 | 1.0-3.1 | 64.00 | OK | |||
r-oldrel-windows-x86_64 | 1.0-3.1 | 19.00 | 105.00 | 124.00 | OK |
Version: 1.0-3.1
Check: package dependencies
Result: NOTE
Package suggested but not available for checking: ‘mlmRev’
Flavor: r-release-macos-x86_64