Last updated on 2023-06-05 05:54:36 CEST.
Flavor | Version | Tinstall | Tcheck | Ttotal | Status | Flags |
---|---|---|---|---|---|---|
r-devel-linux-x86_64-debian-clang | 0.2.2 | 10.05 | 90.99 | 101.04 | OK | |
r-devel-linux-x86_64-debian-gcc | 0.2.2 | 7.42 | 65.92 | 73.34 | OK | |
r-devel-linux-x86_64-fedora-clang | 0.2.2 | 125.55 | NOTE | |||
r-devel-linux-x86_64-fedora-gcc | 0.2.2 | 127.81 | NOTE | |||
r-devel-windows-x86_64 | 0.2.2 | 9.00 | 82.00 | 91.00 | OK | |
r-patched-linux-x86_64 | 0.2.2 | 15.82 | 86.24 | 102.06 | OK | |
r-release-linux-x86_64 | 0.2.2 | 6.12 | 83.26 | 89.38 | OK | |
r-release-macos-arm64 | 0.2.2 | 44.00 | OK | |||
r-release-macos-x86_64 | 0.2.2 | 75.00 | OK | |||
r-release-windows-x86_64 | 0.2.2 | 12.00 | 100.00 | 112.00 | OK | |
r-oldrel-macos-arm64 | 0.2.2 | 32.00 | NOTE | |||
r-oldrel-macos-x86_64 | 0.2.2 | 54.00 | NOTE | |||
r-oldrel-windows-x86_64 | 0.2.2 | 12.00 | 96.00 | 108.00 | OK |
Version: 0.2.2
Check: dependencies in R code
Result: NOTE
Namespace in Imports field not imported from: ‘mockery’
All declared Imports should be used.
Flavors: r-devel-linux-x86_64-fedora-clang, r-devel-linux-x86_64-fedora-gcc, r-oldrel-macos-arm64, r-oldrel-macos-x86_64