Last updated on 2023-06-06 05:55:11 CEST.
Flavor | Version | Tinstall | Tcheck | Ttotal | Status | Flags |
---|---|---|---|---|---|---|
r-devel-linux-x86_64-debian-clang | 0.0.5 | 6.17 | 63.62 | 69.79 | OK | |
r-devel-linux-x86_64-debian-gcc | 0.0.5 | 5.21 | 48.27 | 53.48 | OK | |
r-devel-linux-x86_64-fedora-clang | 0.0.5 | 87.63 | NOTE | |||
r-devel-linux-x86_64-fedora-gcc | 0.0.5 | 93.74 | OK | |||
r-devel-windows-x86_64 | 0.0.5 | 8.00 | 69.00 | 77.00 | OK | |
r-patched-linux-x86_64 | 0.0.5 | 6.66 | 59.14 | 65.80 | OK | |
r-release-linux-x86_64 | 0.0.5 | 6.42 | 60.07 | 66.49 | OK | |
r-release-macos-arm64 | 0.0.5 | 37.00 | OK | |||
r-release-macos-x86_64 | 0.0.5 | 55.00 | OK | |||
r-release-windows-x86_64 | 0.0.5 | 9.00 | 79.00 | 88.00 | OK | |
r-oldrel-macos-arm64 | 0.0.5 | 31.00 | OK | |||
r-oldrel-macos-x86_64 | 0.0.5 | 44.00 | OK | |||
r-oldrel-windows-x86_64 | 0.0.5 | 9.00 | 87.00 | 96.00 | OK |
Version: 0.0.5
Check: Rd cross-references
Result: NOTE
Undeclared package ‘RColorBrewer’ in Rd xrefs
Flavor: r-devel-linux-x86_64-fedora-clang