CRAN Package Check Results for Package ggimage

Last updated on 2023-06-03 05:52:31 CEST.

Flavor Version Tinstall Tcheck Ttotal Status Flags
r-devel-linux-x86_64-debian-clang 0.3.2 6.92 54.33 61.25 NOTE
r-devel-linux-x86_64-debian-gcc 0.3.2 5.58 42.56 48.14 OK
r-devel-linux-x86_64-fedora-clang 0.3.2 80.61 OK
r-devel-linux-x86_64-fedora-gcc 0.3.2 79.03 OK
r-devel-windows-x86_64 0.3.2 7.00 68.00 75.00 OK
r-patched-linux-x86_64 0.3.2 OK
r-release-linux-x86_64 0.3.2 6.96 53.12 60.08 OK
r-release-macos-arm64 0.3.2 30.00 OK
r-release-macos-x86_64 0.3.2 39.00 OK
r-release-windows-x86_64 0.3.2 10.00 77.00 87.00 OK
r-oldrel-macos-arm64 0.3.2 30.00 OK
r-oldrel-macos-x86_64 0.3.2 39.00 OK
r-oldrel-windows-x86_64 0.3.2 10.00 78.00 88.00 OK

Check Details

Version: 0.3.2
Check: package dependencies
Result: NOTE
    Package suggested but not available for checking: ‘ggtree’
Flavor: r-devel-linux-x86_64-debian-clang