CRAN Package Check Results for Package ggamma

Last updated on 2023-05-29 05:55:04 CEST.

Flavor Version Tinstall Tcheck Ttotal Status Flags
r-devel-linux-x86_64-debian-clang 1.0.1 1.73 27.41 29.14 NOTE
r-devel-linux-x86_64-debian-gcc 1.0.1 1.56 21.73 23.29 NOTE
r-devel-linux-x86_64-fedora-clang 1.0.1 37.57 NOTE
r-devel-linux-x86_64-fedora-gcc 1.0.1 36.92 NOTE
r-devel-windows-x86_64 1.0.1 4.00 48.00 52.00 NOTE
r-patched-linux-x86_64 1.0.1 2.13 26.77 28.90 NOTE
r-release-linux-x86_64 1.0.1 1.83 27.13 28.96 NOTE
r-release-macos-arm64 1.0.1 18.00 NOTE
r-release-macos-x86_64 1.0.1 24.00 NOTE
r-release-windows-x86_64 1.0.1 4.00 49.00 53.00 NOTE
r-oldrel-macos-arm64 1.0.1 19.00 NOTE
r-oldrel-macos-x86_64 1.0.1 23.00 NOTE
r-oldrel-windows-x86_64 1.0.1 3.00 51.00 54.00 NOTE

Check Details

Version: 1.0.1
Check: LazyData
Result: NOTE
     'LazyData' is specified without a 'data' directory
Flavors: r-devel-linux-x86_64-debian-clang, r-devel-linux-x86_64-debian-gcc, r-devel-linux-x86_64-fedora-clang, r-devel-linux-x86_64-fedora-gcc, r-devel-windows-x86_64, r-patched-linux-x86_64, r-release-linux-x86_64, r-release-macos-arm64, r-release-macos-x86_64, r-release-windows-x86_64, r-oldrel-macos-arm64, r-oldrel-macos-x86_64, r-oldrel-windows-x86_64