Last updated on 2023-06-07 05:58:21 CEST.
Flavor | Version | Tinstall | Tcheck | Ttotal | Status | Flags |
---|---|---|---|---|---|---|
r-devel-linux-x86_64-debian-clang | 1.0.1 | 8.02 | 192.99 | 201.01 | OK | |
r-devel-linux-x86_64-debian-gcc | 1.0.1 | 5.69 | 146.48 | 152.17 | OK | |
r-devel-linux-x86_64-fedora-clang | 1.0.1 | 246.70 | NOTE | |||
r-devel-linux-x86_64-fedora-gcc | 1.0.1 | 246.56 | OK | |||
r-devel-windows-x86_64 | 1.0.1 | 9.00 | 147.00 | 156.00 | OK | |
r-patched-linux-x86_64 | 1.0.1 | 6.55 | 184.92 | 191.47 | OK | |
r-release-linux-x86_64 | 1.0.1 | 6.79 | 182.29 | 189.08 | OK | |
r-release-macos-arm64 | 1.0.1 | 78.00 | OK | |||
r-release-macos-x86_64 | 1.0.1 | 125.00 | OK | |||
r-release-windows-x86_64 | 1.0.1 | 11.00 | 190.00 | 201.00 | OK | |
r-oldrel-macos-arm64 | 1.0.1 | 102.00 | OK | |||
r-oldrel-macos-x86_64 | 1.0.1 | 112.00 | OK | |||
r-oldrel-windows-x86_64 | 1.0.1 | 11.00 | 191.00 | 202.00 | OK |
Version: 1.0.1
Check: Rd cross-references
Result: NOTE
Undeclared package ‘rlang’ in Rd xrefs
Flavor: r-devel-linux-x86_64-fedora-clang