Last updated on 2023-12-08 05:02:05 CET.
Flavor | Version | Tinstall | Tcheck | Ttotal | Status | Flags |
---|---|---|---|---|---|---|
r-devel-linux-x86_64-debian-clang | 0.2.1 | 11.27 | 269.03 | 280.30 | OK | |
r-devel-linux-x86_64-debian-gcc | 0.2.1 | 7.36 | 199.73 | 207.09 | OK | |
r-devel-linux-x86_64-fedora-clang | 0.2.1 | 356.25 | NOTE | |||
r-devel-linux-x86_64-fedora-gcc | 0.2.1 | 355.91 | NOTE | |||
r-devel-windows-x86_64 | 0.2.1 | 11.00 | 193.00 | 204.00 | OK | |
r-patched-linux-x86_64 | 0.2.1 | 7.60 | 220.40 | 228.00 | OK | |
r-release-linux-x86_64 | 0.2.1 | 8.05 | 247.71 | 255.76 | OK | |
r-release-macos-arm64 | 0.2.1 | 96.00 | OK | |||
r-release-macos-x86_64 | 0.2.1 | 231.00 | OK | |||
r-release-windows-x86_64 | 0.2.1 | 14.00 | 253.00 | 267.00 | OK | |
r-oldrel-macos-arm64 | 0.2.1 | 105.00 | OK | |||
r-oldrel-macos-x86_64 | 0.2.0 | 194.00 | NOTE | |||
r-oldrel-windows-x86_64 | 0.2.1 | 15.00 | 272.00 | 287.00 | OK |
Version: 0.2.1
Check: data for non-ASCII characters
Result: NOTE
Note: found 646 marked UTF-8 strings
Flavors: r-devel-linux-x86_64-fedora-clang, r-devel-linux-x86_64-fedora-gcc
Version: 0.2.0
Check: dependencies in R code
Result: NOTE
Namespace in Imports field not imported from: ‘sf’
All declared Imports should be used.
Flavor: r-oldrel-macos-x86_64
Version: 0.2.0
Check: data for non-ASCII characters
Result: NOTE
Note: found 646 marked UTF-8 strings
Flavor: r-oldrel-macos-x86_64