CRAN Package Check Results for Package genio

Last updated on 2023-06-03 05:52:30 CEST.

Flavor Version Tinstall Tcheck Ttotal Status Flags
r-devel-linux-x86_64-debian-clang 1.1.2 37.01 54.84 91.85 OK
r-devel-linux-x86_64-debian-gcc 1.1.2 29.32 42.06 71.38 OK
r-devel-linux-x86_64-fedora-clang 1.1.2 130.43 OK
r-devel-linux-x86_64-fedora-gcc 1.1.2 145.95 OK
r-devel-windows-x86_64 1.1.2 31.00 89.00 120.00 OK
r-patched-linux-x86_64 1.1.2 OK
r-release-linux-x86_64 1.1.2 29.14 52.61 81.75 OK
r-release-macos-arm64 1.1.2 43.00 NOTE
r-release-macos-x86_64 1.1.2 73.00 OK
r-release-windows-x86_64 1.1.2 38.00 102.00 140.00 OK
r-oldrel-macos-arm64 1.1.2 44.00 OK
r-oldrel-macos-x86_64 1.1.2 56.00 OK
r-oldrel-windows-x86_64 1.1.2 34.00 96.00 130.00 OK

Check Details

Version: 1.1.2
Check: package dependencies
Result: NOTE
    Package suggested but not available for checking: ‘snpStats’
Flavor: r-release-macos-arm64