Last updated on 2023-06-02 05:57:58 CEST.
Flavor | Version | Tinstall | Tcheck | Ttotal | Status | Flags |
---|---|---|---|---|---|---|
r-devel-linux-x86_64-debian-clang | 2.1 | 8.48 | 72.08 | 80.56 | NOTE | |
r-devel-linux-x86_64-debian-gcc | 2.1 | 6.59 | 55.16 | 61.75 | NOTE | |
r-devel-linux-x86_64-fedora-clang | 2.1 | 100.00 | NOTE | |||
r-devel-linux-x86_64-fedora-gcc | 2.1 | 96.00 | NOTE | |||
r-devel-windows-x86_64 | 2.1 | 8.00 | 68.00 | 76.00 | OK | |
r-patched-linux-x86_64 | 2.1 | NOTE | ||||
r-release-linux-x86_64 | 2.1 | 8.23 | 69.71 | 77.94 | NOTE | |
r-release-macos-arm64 | 2.1 | 32.00 | OK | |||
r-release-macos-x86_64 | 2.1 | 52.00 | OK | |||
r-release-windows-x86_64 | 2.1 | 9.00 | 82.00 | 91.00 | OK | |
r-oldrel-macos-arm64 | 2.1 | 31.00 | OK | |||
r-oldrel-macos-x86_64 | 2.1 | 43.00 | OK | |||
r-oldrel-windows-x86_64 | 2.1 | 9.00 | 83.00 | 92.00 | OK |
Version: 2.1
Check: for non-standard things in the check directory
Result: NOTE
Found the following files/directories:
‘checkdata.csv’ ‘gbmforest.sas’
Flavors: r-devel-linux-x86_64-debian-clang, r-devel-linux-x86_64-debian-gcc, r-devel-linux-x86_64-fedora-clang, r-devel-linux-x86_64-fedora-gcc, r-patched-linux-x86_64, r-release-linux-x86_64