Last updated on 2023-05-30 05:57:34 CEST.
Flavor | Version | Tinstall | Tcheck | Ttotal | Status | Flags |
---|---|---|---|---|---|---|
r-devel-linux-x86_64-debian-clang | 2.3.3 | 5.79 | 29.20 | 34.99 | NOTE | |
r-devel-linux-x86_64-debian-gcc | 2.3.3 | 3.98 | 22.54 | 26.52 | NOTE | |
r-devel-linux-x86_64-fedora-clang | 2.3.3 | 43.27 | NOTE | |||
r-devel-linux-x86_64-fedora-gcc | 2.3.3 | 42.00 | NOTE | |||
r-devel-windows-x86_64 | 2.3.3 | 9.00 | 55.00 | 64.00 | NOTE | |
r-patched-linux-x86_64 | 2.3.3 | 4.87 | 28.23 | 33.10 | NOTE | |
r-release-linux-x86_64 | 2.3.3 | 5.05 | 28.21 | 33.26 | NOTE | |
r-release-macos-arm64 | 2.3.3 | 23.00 | NOTE | |||
r-release-macos-x86_64 | 2.3.3 | 30.00 | NOTE | |||
r-release-windows-x86_64 | 2.3.3 | 8.00 | 55.00 | 63.00 | NOTE | |
r-oldrel-macos-arm64 | 2.3.3 | 24.00 | OK | |||
r-oldrel-macos-x86_64 | 2.3.3 | 27.00 | OK | |||
r-oldrel-windows-x86_64 | 2.3.3 | 9.00 | 53.00 | 62.00 | OK |
Version: 2.3.3
Check: Rd files
Result: NOTE
checkRd: (-1) fitgbd.Rd:29: Escaped LaTeX specials: \&
checkRd: (-1) fitgld.Rd:30: Escaped LaTeX specials: \&
checkRd: (-1) gb.Rd:28: Escaped LaTeX specials: \&
checkRd: (-1) gbd.Rd:37: Escaped LaTeX specials: \&
checkRd: (-1) gld.Rd:36: Escaped LaTeX specials: \&
Flavors: r-devel-linux-x86_64-debian-clang, r-devel-linux-x86_64-debian-gcc, r-devel-linux-x86_64-fedora-clang, r-devel-linux-x86_64-fedora-gcc, r-devel-windows-x86_64, r-patched-linux-x86_64, r-release-linux-x86_64, r-release-macos-arm64, r-release-macos-x86_64, r-release-windows-x86_64