Last updated on 2023-05-29 05:55:03 CEST.
Flavor | Version | Tinstall | Tcheck | Ttotal | Status | Flags |
---|---|---|---|---|---|---|
r-devel-linux-x86_64-debian-clang | 1.0-3 | 148.36 | 55.37 | 203.73 | OK | |
r-devel-linux-x86_64-debian-gcc | 1.0-3 | 114.84 | 42.24 | 157.08 | OK | |
r-devel-linux-x86_64-fedora-clang | 1.0-3 | 331.17 | OK | |||
r-devel-linux-x86_64-fedora-gcc | 1.0-3 | 343.25 | OK | |||
r-devel-windows-x86_64 | 1.0-3 | 112.00 | 87.00 | 199.00 | OK | |
r-patched-linux-x86_64 | 1.0-3 | 123.33 | 53.20 | 176.53 | OK | |
r-release-linux-x86_64 | 1.0-3 | 116.80 | 54.30 | 171.10 | OK | |
r-release-macos-arm64 | 1.0-3 | 80.00 | NOTE | |||
r-release-macos-x86_64 | 1.0-3 | 147.00 | NOTE | |||
r-release-windows-x86_64 | 1.0-3 | 145.00 | 101.00 | 246.00 | OK | |
r-oldrel-macos-arm64 | 1.0-3 | 74.00 | NOTE | |||
r-oldrel-macos-x86_64 | 1.0-3 | 86.00 | NOTE | |||
r-oldrel-windows-x86_64 | 1.0-3 | 142.00 | 103.00 | 245.00 | OK |
Version: 1.0-3
Check: installed package size
Result: NOTE
installed size is 8.0Mb
sub-directories of 1Mb or more:
doc 2.3Mb
libs 5.4Mb
Flavors: r-release-macos-arm64, r-release-macos-x86_64, r-oldrel-macos-arm64, r-oldrel-macos-x86_64