Last updated on 2023-06-08 05:58:09 CEST.
Flavor | Version | Tinstall | Tcheck | Ttotal | Status | Flags |
---|---|---|---|---|---|---|
r-devel-linux-x86_64-debian-clang | 6.0-5 | 59.71 | 262.38 | 322.09 | OK | |
r-devel-linux-x86_64-debian-gcc | 6.0-5 | 42.72 | 194.50 | 237.22 | OK | |
r-devel-linux-x86_64-fedora-clang | 6.0-5 | 400.66 | NOTE | |||
r-devel-linux-x86_64-fedora-gcc | 6.0-5 | 380.71 | OK | |||
r-devel-windows-x86_64 | 6.0-5 | 48.00 | 193.00 | 241.00 | OK | |
r-patched-linux-x86_64 | 6.0-5 | 64.75 | 249.59 | 314.34 | OK | |
r-release-linux-x86_64 | 6.0-5 | 61.70 | 248.99 | 310.69 | OK | |
r-release-macos-arm64 | 6.0-5 | 86.00 | OK | |||
r-release-macos-x86_64 | 6.0-5 | 166.00 | OK | |||
r-release-windows-x86_64 | 6.0-5 | 53.00 | 236.00 | 289.00 | OK | |
r-oldrel-macos-arm64 | 6.0-5 | 81.00 | OK | |||
r-oldrel-macos-x86_64 | 6.0-5 | 126.00 | OK | |||
r-oldrel-windows-x86_64 | 6.0-5 | 69.00 | 219.00 | 288.00 | OK |
Version: 6.0-5
Check: Rd cross-references
Result: NOTE
Undeclared package ‘gamlss’ in Rd xrefs
Flavor: r-devel-linux-x86_64-fedora-clang