Last updated on 2023-05-31 05:56:10 CEST.
Flavor | Version | Tinstall | Tcheck | Ttotal | Status | Flags |
---|---|---|---|---|---|---|
r-devel-linux-x86_64-debian-clang | 1.8.9 | 276.26 | 184.84 | 461.10 | OK | |
r-devel-linux-x86_64-debian-gcc | 1.8.9 | 246.29 | 141.63 | 387.92 | OK | |
r-devel-linux-x86_64-fedora-clang | 1.8.9 | 699.20 | WARN | |||
r-devel-linux-x86_64-fedora-gcc | 1.8.9 | 714.91 | OK | |||
r-devel-windows-x86_64 | 1.8.9 | 226.00 | 217.00 | 443.00 | OK | |
r-patched-linux-x86_64 | 1.8.9 | 271.07 | 178.92 | 449.99 | OK | |
r-release-linux-x86_64 | 1.8.9 | 265.17 | 178.79 | 443.96 | OK | |
r-release-macos-arm64 | 1.8.9 | 173.00 | NOTE | |||
r-release-macos-x86_64 | 1.8.9 | 213.00 | NOTE | |||
r-release-windows-x86_64 | 1.8.9 | 306.00 | 247.00 | 553.00 | OK | |
r-oldrel-macos-arm64 | 1.8.9 | 160.00 | NOTE | |||
r-oldrel-macos-x86_64 | 1.8.9 | 196.00 | NOTE | |||
r-oldrel-windows-x86_64 | 1.8.9 | 282.00 | 231.00 | 513.00 | OK |
Version: 1.8.9
Check: whether package can be installed
Result: WARN
Found the following significant warnings:
/data/gannet/ripley/R/test-clang/Rcpp/include/Rcpp/sugar/functions/sapply.h:36:26: warning: 'result_of<int (*(SEXPREC *))(SEXPREC *)>' is deprecated [-Wdeprecated-declarations]
See ‘/data/gannet/ripley/R/packages/tests-clang/gRbase.Rcheck/00install.out’ for details.
* used C compiler: ‘clang version 16.0.4’
* used C++ compiler: ‘clang version 16.0.4’
Flavor: r-devel-linux-x86_64-fedora-clang
Version: 1.8.9
Check: installed package size
Result: NOTE
installed size is 12.1Mb
sub-directories of 1Mb or more:
libs 10.1Mb
Flavors: r-release-macos-arm64, r-release-macos-x86_64, r-oldrel-macos-arm64, r-oldrel-macos-x86_64