Last updated on 2023-06-04 05:50:42 CEST.
Flavor | Version | Tinstall | Tcheck | Ttotal | Status | Flags |
---|---|---|---|---|---|---|
r-devel-linux-x86_64-debian-clang | 0.13.0 | 91.94 | 241.02 | 332.96 | OK | |
r-devel-linux-x86_64-debian-gcc | 0.13.0 | 65.05 | 183.80 | 248.85 | OK | |
r-devel-linux-x86_64-fedora-clang | 0.13.0 | 436.49 | OK | |||
r-devel-linux-x86_64-fedora-gcc | 0.13.0 | 459.62 | OK | |||
r-devel-windows-x86_64 | 0.13.0 | 67.00 | 236.00 | 303.00 | OK | |
r-patched-linux-x86_64 | 0.13.0 | 70.64 | 237.90 | 308.54 | OK | |
r-release-linux-x86_64 | 0.13.0 | 67.72 | 236.03 | 303.75 | OK | |
r-release-macos-arm64 | 0.13.0 | 130.00 | NOTE | |||
r-release-macos-x86_64 | 0.13.0 | 217.00 | NOTE | |||
r-release-windows-x86_64 | 0.13.0 | 84.00 | 251.00 | 335.00 | OK | |
r-oldrel-macos-arm64 | 0.13.0 | 120.00 | NOTE | |||
r-oldrel-macos-x86_64 | 0.13.0 | 152.00 | NOTE | |||
r-oldrel-windows-x86_64 | 0.13.0 | 85.00 | 246.00 | 331.00 | OK |
Version: 0.13.0
Check: installed package size
Result: NOTE
installed size is 5.5Mb
sub-directories of 1Mb or more:
libs 4.4Mb
Flavors: r-release-macos-arm64, r-release-macos-x86_64, r-oldrel-macos-arm64, r-oldrel-macos-x86_64