Last updated on 2023-06-08 05:58:09 CEST.
Flavor | Version | Tinstall | Tcheck | Ttotal | Status | Flags |
---|---|---|---|---|---|---|
r-devel-linux-x86_64-debian-clang | 1.0.8 | 6.49 | 154.09 | 160.58 | OK | |
r-devel-linux-x86_64-debian-gcc | 1.0.8 | 4.39 | 115.64 | 120.03 | OK | |
r-devel-linux-x86_64-fedora-clang | 1.0.8 | 197.14 | OK | |||
r-devel-linux-x86_64-fedora-gcc | 1.0.8 | 187.82 | OK | |||
r-devel-windows-x86_64 | 1.0.8 | 19.00 | 127.00 | 146.00 | OK | |
r-patched-linux-x86_64 | 1.0.8 | 6.04 | 144.09 | 150.13 | OK | |
r-release-linux-x86_64 | 1.0.8 | 6.08 | 144.76 | 150.84 | OK | |
r-release-macos-arm64 | 1.0.8 | 27.00 | NOTE | |||
r-release-macos-x86_64 | 1.0.8 | 40.00 | NOTE | |||
r-release-windows-x86_64 | 1.0.8 | 26.00 | 154.00 | 180.00 | OK | |
r-oldrel-macos-arm64 | 1.0.8 | 24.00 | NOTE | |||
r-oldrel-macos-x86_64 | 1.0.8 | 51.00 | NOTE | |||
r-oldrel-windows-x86_64 | 1.0.8 | 26.00 | 197.00 | 223.00 | OK |
Version: 1.0.8
Check: package dependencies
Result: NOTE
Package suggested but not available for checking: ‘WGCNA’
Flavors: r-release-macos-arm64, r-release-macos-x86_64, r-oldrel-macos-arm64, r-oldrel-macos-x86_64