CRAN Package Check Results for Package fuser

Last updated on 2023-06-02 05:57:58 CEST.

Flavor Version Tinstall Tcheck Ttotal Status Flags
r-devel-linux-x86_64-debian-clang 1.0.1 44.91 117.81 162.72 NOTE
r-devel-linux-x86_64-debian-gcc 1.0.1 31.22 92.53 123.75 NOTE
r-devel-linux-x86_64-fedora-clang 1.0.1 204.50 NOTE
r-devel-linux-x86_64-fedora-gcc 1.0.1 210.30 NOTE
r-devel-windows-x86_64 1.0.1 33.00 126.00 159.00 NOTE
r-patched-linux-x86_64 1.0.1 NOTE
r-release-linux-x86_64 1.0.1 35.36 112.92 148.28 NOTE
r-release-macos-arm64 1.0.1 81.00 NOTE
r-release-macos-x86_64 1.0.1 113.00 NOTE
r-release-windows-x86_64 1.0.1 39.00 158.00 197.00 NOTE
r-oldrel-macos-arm64 1.0.1 73.00 NOTE
r-oldrel-macos-x86_64 1.0.1 195.00 NOTE
r-oldrel-windows-x86_64 1.0.1 38.00 149.00 187.00 NOTE

Check Details

Version: 1.0.1
Check: LazyData
Result: NOTE
     'LazyData' is specified without a 'data' directory
Flavors: r-devel-linux-x86_64-debian-clang, r-devel-linux-x86_64-debian-gcc, r-devel-linux-x86_64-fedora-clang, r-devel-linux-x86_64-fedora-gcc, r-devel-windows-x86_64, r-patched-linux-x86_64, r-release-linux-x86_64, r-release-macos-arm64, r-release-macos-x86_64, r-release-windows-x86_64, r-oldrel-macos-arm64, r-oldrel-macos-x86_64, r-oldrel-windows-x86_64

Version: 1.0.1
Check: installed package size
Result: NOTE
     installed size is 5.3Mb
     sub-directories of 1Mb or more:
     libs 5.1Mb
Flavors: r-release-macos-arm64, r-oldrel-macos-arm64, r-oldrel-macos-x86_64