Last updated on 2023-05-29 05:55:03 CEST.
Flavor | Version | Tinstall | Tcheck | Ttotal | Status | Flags |
---|---|---|---|---|---|---|
r-devel-linux-x86_64-debian-clang | 0.4.5 | 8.29 | 85.86 | 94.15 | OK | |
r-devel-linux-x86_64-debian-gcc | 0.4.5 | 6.99 | 64.77 | 71.76 | OK | |
r-devel-linux-x86_64-fedora-clang | 0.4.5 | 119.56 | NOTE | |||
r-devel-linux-x86_64-fedora-gcc | 0.4.5 | 110.56 | OK | |||
r-devel-windows-x86_64 | 0.4.5 | 9.00 | 88.00 | 97.00 | OK | |
r-patched-linux-x86_64 | 0.4.5 | 9.63 | 78.74 | 88.37 | OK | |
r-release-linux-x86_64 | 0.4.5 | 8.30 | 78.59 | 86.89 | OK | |
r-release-macos-arm64 | 0.4.5 | 36.00 | OK | |||
r-release-macos-x86_64 | 0.4.5 | 57.00 | OK | |||
r-release-windows-x86_64 | 0.4.5 | 11.00 | 102.00 | 113.00 | OK | |
r-oldrel-macos-arm64 | 0.4.5 | 35.00 | OK | |||
r-oldrel-macos-x86_64 | 0.4.5 | 49.00 | OK | |||
r-oldrel-windows-x86_64 | 0.4.5 | 10.00 | 86.00 | 96.00 | OK |
Version: 0.4.5
Check: Rd cross-references
Result: NOTE
Undeclared package ‘chillR’ in Rd xrefs
Flavor: r-devel-linux-x86_64-fedora-clang