Last updated on 2023-06-07 05:58:20 CEST.
Flavor | Version | Tinstall | Tcheck | Ttotal | Status | Flags |
---|---|---|---|---|---|---|
r-devel-linux-x86_64-debian-clang | 0.2.1 | 377.65 | 54.79 | 432.44 | OK | |
r-devel-linux-x86_64-debian-gcc | 0.2.1 | 286.14 | 47.59 | 333.73 | OK | |
r-devel-linux-x86_64-fedora-clang | 0.2.1 | 596.76 | NOTE | |||
r-devel-linux-x86_64-fedora-gcc | 0.2.1 | 676.14 | OK | |||
r-devel-windows-x86_64 | 0.2.1 | 189.00 | 115.00 | 304.00 | OK | |
r-patched-linux-x86_64 | 0.2.1 | 289.14 | 58.95 | 348.09 | OK | |
r-release-linux-x86_64 | 0.2.1 | 279.98 | 59.91 | 339.89 | OK | |
r-release-macos-arm64 | 0.2.1 | 162.00 | NOTE | |||
r-release-macos-x86_64 | 0.2.1 | 278.00 | NOTE | |||
r-release-windows-x86_64 | 0.2.1 | 207.00 | 128.00 | 335.00 | OK | |
r-oldrel-macos-arm64 | 0.2.1 | 150.00 | NOTE | |||
r-oldrel-macos-x86_64 | 0.2.1 | 217.00 | NOTE | |||
r-oldrel-windows-x86_64 | 0.2.1 | 249.00 | 114.00 | 363.00 | OK |
Version: 0.2.1
Check: installed package size
Result: NOTE
installed size is 8.5Mb
sub-directories of 1Mb or more:
libs 8.0Mb
Flavors: r-devel-linux-x86_64-fedora-clang, r-release-macos-arm64, r-release-macos-x86_64, r-oldrel-macos-arm64, r-oldrel-macos-x86_64