Last updated on 2023-05-28 05:52:07 CEST.
Flavor | Version | Tinstall | Tcheck | Ttotal | Status | Flags |
---|---|---|---|---|---|---|
r-devel-linux-x86_64-debian-clang | 1.0.1 | 10.25 | 170.85 | 181.10 | OK | |
r-devel-linux-x86_64-debian-gcc | 1.0.1 | 7.08 | 130.81 | 137.89 | OK | |
r-devel-linux-x86_64-fedora-clang | 1.0.1 | 233.80 | OK | |||
r-devel-linux-x86_64-fedora-gcc | 1.0.1 | 231.58 | OK | |||
r-devel-windows-x86_64 | 1.0.1 | 11.00 | 141.00 | 152.00 | OK | |
r-patched-linux-x86_64 | 1.0.1 | 12.65 | 163.98 | 176.63 | OK | |
r-release-linux-x86_64 | 1.0.1 | 6.91 | 165.62 | 172.53 | OK | |
r-release-macos-arm64 | 1.0.1 | 75.00 | OK | |||
r-release-macos-x86_64 | 1.0.1 | 111.00 | NOTE | |||
r-release-windows-x86_64 | 1.0.1 | 12.00 | 168.00 | 180.00 | OK | |
r-oldrel-macos-arm64 | 1.0.1 | 46.00 | OK | |||
r-oldrel-macos-x86_64 | 1.0.1 | 94.00 | OK | |||
r-oldrel-windows-x86_64 | 1.0.1 | 13.00 | 168.00 | 181.00 | OK |
Version: 1.0.1
Check: package dependencies
Result: NOTE
Package suggested but not available for checking: ‘MARSS’
Flavor: r-release-macos-x86_64