CRAN Package Check Results for Package fractD

Last updated on 2023-05-29 05:55:03 CEST.

Flavor Version Tinstall Tcheck Ttotal Status Flags
r-devel-linux-x86_64-debian-clang 0.1.0 2.82 52.21 55.03 NOTE
r-devel-linux-x86_64-debian-gcc 0.1.0 1.70 40.38 42.08 NOTE
r-devel-linux-x86_64-fedora-clang 0.1.0 69.97 NOTE
r-devel-linux-x86_64-fedora-gcc 0.1.0 79.47 NOTE
r-devel-windows-x86_64 0.1.0 4.00 72.00 76.00 NOTE
r-patched-linux-x86_64 0.1.0 2.90 52.88 55.78 NOTE
r-release-linux-x86_64 0.1.0 2.53 50.93 53.46 NOTE
r-release-macos-arm64 0.1.0 35.00 NOTE
r-release-macos-x86_64 0.1.0 49.00 NOTE
r-release-windows-x86_64 0.1.0 5.00 72.00 77.00 NOTE
r-oldrel-macos-arm64 0.1.0 35.00 NOTE
r-oldrel-macos-x86_64 0.1.0 40.00 NOTE
r-oldrel-windows-x86_64 0.1.0 5.00 78.00 83.00 NOTE

Check Details

Version: 0.1.0
Check: LazyData
Result: NOTE
     'LazyData' is specified without a 'data' directory
Flavors: r-devel-linux-x86_64-debian-clang, r-devel-linux-x86_64-debian-gcc, r-devel-linux-x86_64-fedora-clang, r-devel-linux-x86_64-fedora-gcc, r-devel-windows-x86_64, r-patched-linux-x86_64, r-release-linux-x86_64, r-release-macos-arm64, r-release-macos-x86_64, r-release-windows-x86_64, r-oldrel-macos-arm64, r-oldrel-macos-x86_64, r-oldrel-windows-x86_64