Last updated on 2023-06-05 05:54:35 CEST.
Flavor | Version | Tinstall | Tcheck | Ttotal | Status | Flags |
---|---|---|---|---|---|---|
r-devel-linux-x86_64-debian-clang | 0.0-2 | 2.50 | 19.01 | 21.51 | OK | |
r-devel-linux-x86_64-debian-gcc | 0.0-2 | 2.03 | 15.01 | 17.04 | OK | |
r-devel-linux-x86_64-fedora-clang | 0.0-2 | 27.19 | NOTE | |||
r-devel-linux-x86_64-fedora-gcc | 0.0-2 | 25.42 | NOTE | |||
r-devel-windows-x86_64 | 0.0-2 | 6.00 | 41.00 | 47.00 | OK | |
r-patched-linux-x86_64 | 0.0-2 | 2.25 | 18.39 | 20.64 | OK | |
r-release-linux-x86_64 | 0.0-2 | 2.29 | 18.03 | 20.32 | OK | |
r-release-macos-arm64 | 0.0-2 | 19.00 | OK | |||
r-release-macos-x86_64 | 0.0-2 | 20.00 | OK | |||
r-release-windows-x86_64 | 0.0-2 | 5.00 | 44.00 | 49.00 | OK | |
r-oldrel-macos-arm64 | 0.0-2 | 18.00 | OK | |||
r-oldrel-macos-x86_64 | 0.0-2 | 22.00 | OK | |||
r-oldrel-windows-x86_64 | 0.0-2 | 7.00 | 49.00 | 56.00 | OK |
Version: 0.0-2
Check: compiled code
Result: NOTE
File ‘fpow/libs/fpow.so’:
Found no calls to: ‘R_registerRoutines’, ‘R_useDynamicSymbols’
It is good practice to register native routines and to disable symbol
search.
See ‘Writing portable packages’ in the ‘Writing R Extensions’ manual.
Flavors: r-devel-linux-x86_64-fedora-clang, r-devel-linux-x86_64-fedora-gcc