CRAN Package Check Results for Package fplyr

Last updated on 2023-06-04 05:50:42 CEST.

Flavor Version Tinstall Tcheck Ttotal Status Flags
r-devel-linux-x86_64-debian-clang 1.2.1 3.35 40.07 43.42 NOTE
r-devel-linux-x86_64-debian-gcc 1.2.1 2.58 29.64 32.22 NOTE
r-devel-linux-x86_64-fedora-clang 1.2.1 53.06 NOTE
r-devel-linux-x86_64-fedora-gcc 1.2.1 60.38 NOTE
r-devel-windows-x86_64 1.2.1 3.00 53.00 56.00 NOTE
r-patched-linux-x86_64 1.2.1 3.03 36.93 39.96 NOTE
r-release-linux-x86_64 1.2.1 3.37 36.90 40.27 NOTE
r-release-macos-arm64 1.2.1 28.00 NOTE
r-release-macos-x86_64 1.2.1 40.00 NOTE
r-release-windows-x86_64 1.2.1 5.00 55.00 60.00 NOTE
r-oldrel-macos-arm64 1.2.1 25.00 NOTE
r-oldrel-macos-x86_64 1.2.1 31.00 NOTE
r-oldrel-windows-x86_64 1.2.1 5.00 57.00 62.00 NOTE

Check Details

Version: 1.2.1
Check: LazyData
Result: NOTE
     'LazyData' is specified without a 'data' directory
Flavors: r-devel-linux-x86_64-debian-clang, r-devel-linux-x86_64-debian-gcc, r-devel-linux-x86_64-fedora-clang, r-devel-linux-x86_64-fedora-gcc, r-devel-windows-x86_64, r-patched-linux-x86_64, r-release-linux-x86_64, r-release-macos-arm64, r-release-macos-x86_64, r-release-windows-x86_64, r-oldrel-macos-arm64, r-oldrel-macos-x86_64, r-oldrel-windows-x86_64