Last updated on 2023-06-01 05:55:52 CEST.
Flavor | Version | Tinstall | Tcheck | Ttotal | Status | Flags |
---|---|---|---|---|---|---|
r-devel-linux-x86_64-debian-clang | 0.2.4 | 97.98 | 81.41 | 179.39 | NOTE | |
r-devel-linux-x86_64-debian-gcc | 0.2.4 | 72.36 | 53.22 | 125.58 | NOTE | |
r-devel-linux-x86_64-fedora-clang | 0.2.4 | 252.01 | NOTE | |||
r-devel-linux-x86_64-fedora-gcc | 0.2.4 | 248.68 | NOTE | |||
r-devel-windows-x86_64 | 0.2.4 | 75.00 | 100.00 | 175.00 | NOTE | |
r-patched-linux-x86_64 | 0.2.4 | NOTE | ||||
r-release-linux-x86_64 | 0.2.4 | 80.22 | 69.21 | 149.43 | NOTE | |
r-release-macos-arm64 | 0.2.4 | 63.00 | NOTE | |||
r-release-macos-x86_64 | 0.2.4 | 108.00 | NOTE | |||
r-release-windows-x86_64 | 0.2.4 | 97.00 | 117.00 | 214.00 | NOTE | |
r-oldrel-macos-arm64 | 0.2.4 | 58.00 | NOTE | |||
r-oldrel-macos-x86_64 | 0.2.4 | 71.00 | NOTE | |||
r-oldrel-windows-x86_64 | 0.2.4 | 92.00 | 146.00 | 238.00 | NOTE |
Version: 0.2.4
Check: LazyData
Result: NOTE
'LazyData' is specified without a 'data' directory
Flavors: r-devel-linux-x86_64-debian-clang, r-devel-linux-x86_64-debian-gcc, r-devel-linux-x86_64-fedora-clang, r-devel-linux-x86_64-fedora-gcc, r-devel-windows-x86_64, r-patched-linux-x86_64, r-release-linux-x86_64, r-release-macos-arm64, r-release-macos-x86_64, r-release-windows-x86_64, r-oldrel-macos-arm64, r-oldrel-macos-x86_64, r-oldrel-windows-x86_64