CRAN Package Check Results for Package forestr

Last updated on 2023-06-06 05:55:10 CEST.

Flavor Version Tinstall Tcheck Ttotal Status Flags
r-devel-linux-x86_64-debian-clang 2.0.2 4.87 38.56 43.43 OK
r-devel-linux-x86_64-debian-gcc 2.0.2 3.70 29.70 33.40 OK
r-devel-linux-x86_64-fedora-clang 2.0.2 53.63 NOTE
r-devel-linux-x86_64-fedora-gcc 2.0.2 50.32 NOTE
r-devel-windows-x86_64 2.0.2 8.00 58.00 66.00 OK
r-patched-linux-x86_64 2.0.2 5.45 36.39 41.84 OK
r-release-linux-x86_64 2.0.2 3.95 36.75 40.70 OK
r-release-macos-arm64 2.0.2 23.00 OK
r-release-macos-x86_64 2.0.2 32.00 OK
r-release-windows-x86_64 2.0.2 8.00 62.00 70.00 OK
r-oldrel-macos-arm64 2.0.2 22.00 NOTE
r-oldrel-macos-x86_64 2.0.2 41.00 NOTE
r-oldrel-windows-x86_64 2.0.2 8.00 59.00 67.00 OK

Check Details

Version: 2.0.2
Check: dependencies in R code
Result: NOTE
    Namespaces in Imports field not imported from:
     ‘tibble’ ‘viridis’
     All declared Imports should be used.
Flavors: r-devel-linux-x86_64-fedora-clang, r-devel-linux-x86_64-fedora-gcc, r-oldrel-macos-arm64, r-oldrel-macos-x86_64