CRAN Package Check Results for Package forestRK

Last updated on 2023-06-10 05:52:32 CEST.

Flavor Version Tinstall Tcheck Ttotal Status Flags
r-devel-linux-x86_64-debian-clang 0.0-5 12.79 148.01 160.80 OK
r-devel-linux-x86_64-debian-gcc 0.0-5 9.26 110.67 119.93 OK
r-devel-linux-x86_64-fedora-clang 0.0-5 199.16 NOTE
r-devel-linux-x86_64-fedora-gcc 0.0-5 198.43 NOTE
r-devel-windows-x86_64 0.0-5 13.00 123.00 136.00 OK
r-patched-linux-x86_64 0.0-5 13.52 139.19 152.71 OK
r-release-linux-x86_64 0.0-5 10.76 140.73 151.49 OK
r-release-macos-arm64 0.0-5 61.00 OK
r-release-macos-x86_64 0.0-5 106.00 OK
r-release-windows-x86_64 0.0-5 15.00 152.00 167.00 OK
r-oldrel-macos-arm64 0.0-5 50.00 NOTE
r-oldrel-macos-x86_64 0.0-5 108.00 NOTE
r-oldrel-windows-x86_64 0.0-5 17.00 150.00 167.00 OK

Check Details

Version: 0.0-5
Check: dependencies in R code
Result: NOTE
    Namespace in Imports field not imported from: ‘pkgKitten’
     All declared Imports should be used.
Flavors: r-devel-linux-x86_64-fedora-clang, r-devel-linux-x86_64-fedora-gcc, r-oldrel-macos-arm64, r-oldrel-macos-x86_64