CRAN Package Check Results for Package footprint

Last updated on 2023-06-09 05:54:58 CEST.

Flavor Version Tinstall Tcheck Ttotal Status Flags
r-devel-linux-x86_64-debian-clang 0.1 4.59 48.18 52.77 NOTE
r-devel-linux-x86_64-debian-gcc 0.1 3.80 36.66 40.46 NOTE
r-devel-linux-x86_64-fedora-clang 0.1 66.26 NOTE
r-devel-linux-x86_64-fedora-gcc 0.1 72.10 NOTE
r-devel-windows-x86_64 0.1 8.00 57.00 65.00 NOTE
r-patched-linux-x86_64 0.1 4.68 45.65 50.33 NOTE
r-release-linux-x86_64 0.1 4.44 45.00 49.44 NOTE
r-release-macos-arm64 0.1 30.00 NOTE
r-release-macos-x86_64 0.1 44.00 NOTE
r-release-windows-x86_64 0.1 7.00 63.00 70.00 NOTE
r-oldrel-macos-arm64 0.1 24.00 NOTE
r-oldrel-macos-x86_64 0.1 47.00 NOTE
r-oldrel-windows-x86_64 0.1 6.00 66.00 72.00 NOTE

Check Details

Version: 0.1
Check: LazyData
Result: NOTE
     'LazyData' is specified without a 'data' directory
Flavors: r-devel-linux-x86_64-debian-clang, r-devel-linux-x86_64-debian-gcc, r-devel-linux-x86_64-fedora-clang, r-devel-linux-x86_64-fedora-gcc, r-devel-windows-x86_64, r-patched-linux-x86_64, r-release-linux-x86_64, r-release-macos-arm64, r-release-macos-x86_64, r-release-windows-x86_64, r-oldrel-macos-arm64, r-oldrel-macos-x86_64, r-oldrel-windows-x86_64