Last updated on 2023-06-03 05:52:29 CEST.
Flavor | Version | Tinstall | Tcheck | Ttotal | Status | Flags |
---|---|---|---|---|---|---|
r-devel-linux-x86_64-debian-clang | 0.3.0 | 13.53 | 135.14 | 148.67 | NOTE | |
r-devel-linux-x86_64-debian-gcc | 0.3.0 | 10.33 | 100.83 | 111.16 | NOTE | |
r-devel-linux-x86_64-fedora-clang | 0.3.0 | 185.67 | NOTE | |||
r-devel-linux-x86_64-fedora-gcc | 0.3.0 | 184.08 | NOTE | |||
r-devel-windows-x86_64 | 0.3.0 | 13.00 | 110.00 | 123.00 | NOTE | |
r-patched-linux-x86_64 | 0.3.0 | NOTE | ||||
r-release-linux-x86_64 | 0.3.0 | 13.77 | 127.46 | 141.23 | NOTE | |
r-release-macos-arm64 | 0.3.0 | 61.00 | NOTE | |||
r-release-macos-x86_64 | 0.3.0 | 109.00 | NOTE | |||
r-release-windows-x86_64 | 0.3.0 | 15.00 | 134.00 | 149.00 | NOTE | |
r-oldrel-macos-arm64 | 0.3.0 | 65.00 | NOTE | |||
r-oldrel-macos-x86_64 | 0.3.0 | 128.00 | NOTE | |||
r-oldrel-windows-x86_64 | 0.3.0 | 16.00 | 132.00 | 148.00 | NOTE |
Version: 0.3.0
Check: LazyData
Result: NOTE
'LazyData' is specified without a 'data' directory
Flavors: r-devel-linux-x86_64-debian-clang, r-devel-linux-x86_64-debian-gcc, r-devel-linux-x86_64-fedora-clang, r-devel-linux-x86_64-fedora-gcc, r-devel-windows-x86_64, r-patched-linux-x86_64, r-release-linux-x86_64, r-release-macos-arm64, r-release-macos-x86_64, r-release-windows-x86_64, r-oldrel-macos-arm64, r-oldrel-macos-x86_64, r-oldrel-windows-x86_64