CRAN Package Check Results for Package fmpcloudr

Last updated on 2023-06-06 05:55:10 CEST.

Flavor Version Tinstall Tcheck Ttotal Status Flags
r-devel-linux-x86_64-debian-clang 0.1.5 2.81 30.41 33.22 NOTE
r-devel-linux-x86_64-debian-gcc 0.1.5 2.40 23.81 26.21 NOTE
r-devel-linux-x86_64-fedora-clang 0.1.5 42.81 NOTE
r-devel-linux-x86_64-fedora-gcc 0.1.5 40.59 NOTE
r-devel-windows-x86_64 0.1.5 5.00 52.00 57.00 NOTE
r-patched-linux-x86_64 0.1.5 3.00 29.79 32.79 NOTE
r-release-linux-x86_64 0.1.5 3.25 29.73 32.98 NOTE
r-release-macos-arm64 0.1.5 18.00 NOTE
r-release-macos-x86_64 0.1.5 25.00 NOTE
r-release-windows-x86_64 0.1.5 6.00 56.00 62.00 NOTE
r-oldrel-macos-arm64 0.1.5 17.00 NOTE
r-oldrel-macos-x86_64 0.1.5 32.00 NOTE
r-oldrel-windows-x86_64 0.1.5 5.00 50.00 55.00 NOTE

Check Details

Version: 0.1.5
Check: LazyData
Result: NOTE
     'LazyData' is specified without a 'data' directory
Flavors: r-devel-linux-x86_64-debian-clang, r-devel-linux-x86_64-debian-gcc, r-devel-linux-x86_64-fedora-clang, r-devel-linux-x86_64-fedora-gcc, r-devel-windows-x86_64, r-patched-linux-x86_64, r-release-linux-x86_64, r-release-macos-arm64, r-release-macos-x86_64, r-release-windows-x86_64, r-oldrel-macos-arm64, r-oldrel-macos-x86_64, r-oldrel-windows-x86_64