CRAN Package Check Results for Package fmerPack

Last updated on 2023-05-29 05:55:03 CEST.

Flavor Version Tinstall Tcheck Ttotal Status Flags
r-devel-linux-x86_64-debian-clang 0.0-1 38.41 107.43 145.84 NOTE
r-devel-linux-x86_64-debian-gcc 0.0-1 33.43 81.90 115.33 NOTE
r-devel-linux-x86_64-fedora-clang 0.0-1 197.47 NOTE
r-devel-linux-x86_64-fedora-gcc 0.0-1 189.07 NOTE
r-devel-windows-x86_64 0.0-1 36.00 105.00 141.00 NOTE
r-patched-linux-x86_64 0.0-1 38.20 103.89 142.09 NOTE
r-release-linux-x86_64 0.0-1 36.53 103.19 139.72 NOTE
r-release-macos-arm64 0.0-1 54.00 NOTE
r-release-macos-x86_64 0.0-1 94.00 NOTE
r-release-windows-x86_64 0.0-1 47.00 136.00 183.00 NOTE
r-oldrel-macos-arm64 0.0-1 50.00 OK
r-oldrel-macos-x86_64 0.0-1 65.00 NOTE
r-oldrel-windows-x86_64 0.0-1 42.00 126.00 168.00 OK

Check Details

Version: 0.0-1
Check: C++ specification
Result: NOTE
     Specified C++11: please drop specification unless essential
Flavors: r-devel-linux-x86_64-debian-clang, r-devel-linux-x86_64-debian-gcc, r-devel-linux-x86_64-fedora-clang, r-devel-linux-x86_64-fedora-gcc, r-devel-windows-x86_64, r-patched-linux-x86_64, r-release-linux-x86_64, r-release-macos-arm64, r-release-macos-x86_64, r-release-windows-x86_64

Version: 0.0-1
Check: dependencies in R code
Result: NOTE
    Namespace in Imports field not imported from: ‘MASS’
     All declared Imports should be used.
Flavors: r-devel-linux-x86_64-fedora-clang, r-devel-linux-x86_64-fedora-gcc, r-oldrel-macos-x86_64